 digit of m*((-32)/p + 3)?
3
Let t(w) = 15*w**2 - 2*w + 20. What is the hundreds digit of t(-6)?
5
Let n(p) = 732*p - 166. What is the tens digit of n(3)?
3
Let d(s) = -25*s**3 + 7*s**2 - 2*s - 12. What is the tens digit of d(-3)?
3
Suppose 5*a - 3*c - 53 = 79, 0 = 5*a + c - 116. What is the units digit of ((-1326)/a)/(1 - 10/8)?
1
Suppose 0 = 3*f - 7*f. Let d be (-1)/2 - (-57)/6. Suppose f*v = -v + d. What is the units digit of v?
9
Let m(o) = 2*o**2 - 12*o + 4. Suppose 4 + 8 = 2*c. Let x be m(c). Suppose 0 = x*j - 37 - 15. What is the tens digit of j?
1
What is the units digit of (422/(-4) + -4)/(3/(-26))?
9
Let k(b) = -b**2 + 5*b - 3. Let y be k(3). Suppose 0 = -y*h + h + 4. Suppose -3*s + 4*g + 25 = 0, h*s - 5*g - 18 = -3*g. What is the tens digit of s?
1
Suppose 5*q - 15 = 0, k + 0*k = -2*q + 6. Suppose 3*p - p - 24 = k. What is the units digit of p?
2
Let o be (-50)/5 - 0/1. Suppose 3 = w - g, 3*g + 17 = 2. Let s = w - o. What is the units digit of s?
8
Suppose -2*r = 2*s + 3*s - 461, 0 = 5*s - 5*r - 475. Suppose 3*q - 312 = s. What is the hundreds digit of q?
1
Let q(l) = -l**3 + 7*l**2 + 7*l + 6. Suppose 0*x = -2*x - 3*g - 4, 0 = 4*x - g - 20. Let u be (0 - (0 - 3)) + x. What is the units digit of q(u)?
5
Let u be 5/35 - 614/(-14). What is the units digit of 2/(-8) - (-4499)/u?
2
Suppose 167*u - 356 = 166*u. What is the units digit of u?
6
Let x be (-14)/(-6) - 10/(-15). Suppose x*a - p = -5, 4*a = 4*p - 11 - 9. What is the tens digit of 2 - (a - (1 + 20))?
2
Suppose 4*w - 3 = 5. Let b = 19 - w. What is the units digit of b?
7
Let d(i) = -i**3 + 18*i**2 - 19*i + 29. What is the units digit of d(15)?
9
Let j = 624 - 413. What is the units digit of j?
1
Let g(y) = 6*y**2 - 4*y + 11. Let n(b) = b**2 - b + 1. Let u(o) = g(o) - 5*n(o). What is the tens digit of u(6)?
4
What is the hundreds digit of -2 + -1 - (-363 - 6)?
3
Let c = -1009 + 1288. What is the tens digit of c?
7
Let u be 8/(-14) - (-660)/28. Let y = 27 - u. Suppose -8 = 4*q, 2*i + y*q - 132 = -3*i. What is the units digit of i?
8
Let c(t) = 345*t - 131. What is the thousands digit of c(6)?
1
Let x = -22 + 37. Suppose -2*s - 4 = -20. Let p = x + s. What is the units digit of p?
3
Let j(b) = 5*b**3 - b**2 - b + 1. Let i be j(1). What is the tens digit of i + 0 - 517/(-11)?
5
Suppose -3025 = -10*f + 1235. What is the tens digit of f?
2
Suppose -17250 = -40*j + 7710. What is the hundreds digit of j?
6
Let i(c) = -6*c**2 + 2*c**2 - c**3 - 3*c + c + 2 - 3*c**2. What is the units digit of i(-8)?
2
Suppose 804 = 5*r - 2001. Let p = 794 - r. What is the units digit of p?
3
Let h = -43 + 43. Suppose 2*j - 3*x - 130 - 267 = 0, h = -4*j - 4*x + 784. What is the hundreds digit of j?
1
Let m = -71 - -59. Let g(o) = o**2 - 18. What is the units digit of g(m)?
6
Suppose -y = -5*k + 10973, 8*k + 3*y = 12*k - 8785. What is the units digit of k?
4
Let a be 0 + (-4)/(16/5700). What is the units digit of a/(-38)*(-4)/(-6)?
5
Let y = -14 + 18. Let h(r) = r**3 - 4*r**2 + 2*r - 3. Let x be h(y). Suppose 327 = x*k + 47. What is the tens digit of k?
5
What is the hundreds digit of 13150/15*(4/8 - -1)?
3
Let f = 8 + -10. Let j(r) = -3*r - 1. Let u be j(f). Suppose 12 = u*k - 158. What is the tens digit of k?
3
Suppose -3*r = -5*u - 170, 2*r = 2*u - 0*u + 116. Let c = -20 + r. What is the tens digit of c?
4
Suppose -4*p + 27*p - 8901 = 0. What is the tens digit of p?
8
Let c = -49 + 220. What is the tens digit of c?
7
Suppose 4*v - 5*p = -58, 0*p = 4*v - 3*p + 54. What is the tens digit of (-459)/(-12) + (-9)/v?
3
Suppose -3*a - 3*m = -3822, -11*m = 5*a - 10*m - 6354. What is the hundreds digit of a?
2
Let r(n) = 4 + 0 - 2 + 6 - 12*n + n**2. Suppose 2*k - 41 = -15. What is the tens digit of r(k)?
2
Let g(p) = p**3 - 2*p. Let t be g(2). Suppose 0 = -t*f + 2*i + 4, -5*f - 2 = 4*i - 7. What is the tens digit of (f - 2)/((-1)/16)?
1
Suppose 0*l + 1468 = 4*l. What is the units digit of l?
7
Let g be ((1 + 1)/2)/(4/20). Suppose -g*y = -2*v - 8, -4*v = -3*y - y + 4. What is the units digit of y?
2
Let f = -2 - 8. Let r(v) = v**3 - 9*v**2 - 4*v + 10. Let n be r(7). What is the units digit of n/f - (-15)/(-25)?
1
Suppose -7*p + 5*p = 0. Suppose 123 + 141 = 4*i + a, p = 5*a + 20. Suppose 3*c - i = 2*c - 5*h, -3*h = -9. What is the tens digit of c?
5
Let i(s) be the first derivative of 9*s**3 - s**2 - s + 2. Suppose 4*w = -5*m + 7, 10 + 9 = -4*m + 5*w. What is the units digit of i(m)?
8
Let h = 16 - 18. Let n be ((-328)/(-12))/(h/(-6)). Let u = n + -51. What is the units digit of u?
1
Let i be 3/(-6)*-338 - -1. Suppose -i = -5*b + 5*o, 3*o = 4*b - 0*o - 138. Suppose 0 = v - 4*v + b. What is the units digit of v?
2
What is the hundreds digit of 12618/45 - -1*6/10?
2
Let j(x) be the first derivative of -x**4/4 + 2*x**3 - 2*x**2 + 6*x - 2. Suppose 4*w + 1 = 3*s + 23, w + s - 2 = 0. What is the units digit of j(w)?
2
Let x = 22 + 28. Let j be (x/(-3))/((-12)/18). Suppose -5*t - j = 0, -3*t = -2*c + 10 + 7. What is the units digit of c?
1
Let m = -4 - -87. What is the tens digit of m?
8
Let f(z) = 2*z**2 - 1. Let a be f(-1). Let x be (a + -1 - 0)/2. Suppose t - 2*t + 7 = x. What is the units digit of t?
7
Let p be (1/4)/(1/8). Let q be (-9)/((-7)/p - -2). What is the units digit of -68*(0 - 3/q)?
4
Suppose 5*x = 3*t - 0*t - 66, t = 2*x + 23. Let z = t - 13. What is the units digit of z?
4
Let t = -45 - -69. Let j = t + 7. What is the units digit of j?
1
Let u be ((-230)/(-6))/((-15)/(-45)). Suppose -f + u = 24. What is the tens digit of f?
9
Let g be (-3)/(-4) + (-3)/(-12). What is the tens digit of ((-22)/3)/(g/(-3))?
2
Let y(l) = -l**2 - 8*l - 5. Let r = -1 - 6. Let d be y(r). Suppose -24 = -8*v + d*v. What is the units digit of v?
4
What is the tens digit of 306992/100 - (-86)/1075?
7
What is the tens digit of (4/10)/(14/12810) - -2?
6
Suppose -6*r = -r - 100. What is the units digit of (-6)/15 + 708/r?
5
Let t(l) = l + 1. Let q be t(2). Let h(z) = 2*z - z + 0*z - q*z + z**2 + 2. What is the units digit of h(3)?
5
Suppose 2*q + 213 = 5*q + 5*s, s - 3 = 0. What is the tens digit of q?
6
Suppose -3*n - 68 = -2. Let c = -21 - n. What is the units digit of c*(-28)/(-3 + -1)?
7
Let g(s) = -139*s - 40. What is the hundreds digit of g(-8)?
0
Let g(l) be the second derivative of -l**3/6 - 15*l**2/2 - 3*l. Let u be g(-11). What is the tens digit of (-70)/u + (-1)/(-2)?
1
Let l(y) = y**3 - 10*y**2. Let u be l(10). Let f be (u + 3)/((-9)/(-318)). Suppose -5*g - 2*q = q - f, 0 = g - 5*q - 10. What is the units digit of g?
0
Let y = -31 - -34. Let x(v) = v**2 + v + 3*v - y*v - 22 + 0. What is the tens digit of x(-9)?
5
Suppose 4*b + 6 - 30 = 0. Let l(r) = 14*r + 14. What is the tens digit of l(b)?
9
Suppose -890 = -5*c - k, -5*k - 534 = -21*c + 18*c. What is the tens digit of c?
7
Let d(l) = l**3 - 18*l**2 + 23*l - 18. Let k be d(17). Suppose 5*g + 126 = 2*w, -g + 3*w = -4*g - k. Let i = g + 30. What is the units digit of i?
4
Let y = -25 + 39. Let i be y + (2 - 3) - 2. Let u = 13 + i. What is the units digit of u?
4
Let s(u) = 36*u**2 + 9*u - 27. What is the tens digit of s(5)?
1
Let k be (-1)/(-2 - (-11)/6). Let z(c) = -3*c - 2*c - c**2 + c + k. What is the units digit of z(-5)?
1
Let a(t) = t**3 + 8*t**2 - 4*t + 10. Let o be a(-6). Suppose 5*g + 3*n = o + 326, -2*n + 433 = 5*g. What is the units digit of g?
7
Let i(n) = n**2 + 10*n - 6. Let o be i(8). Suppose -8*x = o - 730. What is the tens digit of x?
7
What is the units digit of ((-1)/(40/7110))/((-3)/36)?
3
Let b(n) = -2*n - 7. Let c be b(-5). Suppose 0*z - 99 = c*z. Let j = z - -63. What is the units digit of j?
0
Suppose -888 = 4*w - 12*w. What is the hundreds digit of w?
1
Let x = 123 + -116. What is the units digit of x?
7
Suppose 3*s + 6 = 0, -53 - 152 = -3*i - s. Let p = -39 + i. What is the units digit of p?
0
Let m(x) = -x**3 + 12*x**2 - 7*x - 52. What is the tens digit of m(10)?
7
Suppose 1 = z + 2*a - 110, -2*a = -5*z + 615. Let r = -60 + z. What is the tens digit of r?
6
Let l = -3 - -7. Let k = l - 1. Suppose h = -2*t + 2, k = 6*t - 3*t - 2*h. What is the units digit of t?
1
What is the thousands digit of (-5)/(-15)*2 + (-23226)/(-18)?
1
Let a(l) = -4*l + 55. What is the tens digit of a(-11)?
9
What is the units digit of (-175 - -213) + (-1)/((-1)/6)?
4
Supp